Dec 03 00:36:13.677 INFO testing newt-sys-0.1.3 against master#8940af3cea4a9a9deabcaf843b2f8cad9a83fc61 for beta-1.31-5
Dec 03 00:36:13.677 INFO running `"docker" "create" "-v" "/mnt/big/crater/work/local/target-dirs/beta-1.31-5/worker-7/master#8940af3cea4a9a9deabcaf843b2f8cad9a83fc61:/target:rw,Z" "-v" "/mnt/big/crater/work/local/test-source/worker-7/beta-1.31-5/master#8940af3cea4a9a9deabcaf843b2f8cad9a83fc61:/source:ro,Z" "-v" "/mnt/big/crater/work/local/cargo-home:/cargo-home:ro,Z" "-v" "/mnt/big/crater/work/local/rustup-home:/rustup-home:ro,Z" "-e" "USER_ID=1000" "-e" "SOURCE_DIR=/source" "-e" "USER_ID=1000" "-e" "CMD=cargo +8940af3cea4a9a9deabcaf843b2f8cad9a83fc61-alt build --frozen" "-e" "CARGO_TARGET_DIR=/target" "-e" "CARGO_INCREMENTAL=0" "-e" "RUST_BACKTRACE=full" "-e" "RUSTFLAGS=--cap-lints=warn" "-e" "CARGO_HOME=/cargo-home" "-e" "RUSTUP_HOME=/rustup-home" "-m" "1536M" "--network" "none" "crater"`
Dec 03 00:36:13.852 INFO [stdout] d80d5a550d7b2b50df26c34e07ea1d553fc9b86f95e3eb741921263d1770a4f9
Dec 03 00:36:13.857 INFO running `"docker" "start" "-a" "d80d5a550d7b2b50df26c34e07ea1d553fc9b86f95e3eb741921263d1770a4f9"`
Dec 03 00:36:14.234 INFO [stderr] usermod: no changes
Dec 03 00:36:14.268 INFO [stderr]    Compiling newt-sys v0.1.3 (/source)
Dec 03 00:38:01.760 INFO [stderr]     Finished dev [unoptimized + debuginfo] target(s) in 1m 47s
Dec 03 00:38:01.776 INFO [stderr] su: No module specific data is present
Dec 03 00:38:02.092 INFO running `"docker" "inspect" "d80d5a550d7b2b50df26c34e07ea1d553fc9b86f95e3eb741921263d1770a4f9"`
Dec 03 00:38:02.184 INFO running `"docker" "rm" "-f" "d80d5a550d7b2b50df26c34e07ea1d553fc9b86f95e3eb741921263d1770a4f9"`
Dec 03 00:38:02.277 INFO [stdout] d80d5a550d7b2b50df26c34e07ea1d553fc9b86f95e3eb741921263d1770a4f9
Dec 03 00:38:02.279 INFO running `"docker" "create" "-v" "/mnt/big/crater/work/local/target-dirs/beta-1.31-5/worker-7/master#8940af3cea4a9a9deabcaf843b2f8cad9a83fc61:/target:rw,Z" "-v" "/mnt/big/crater/work/local/test-source/worker-7/beta-1.31-5/master#8940af3cea4a9a9deabcaf843b2f8cad9a83fc61:/source:ro,Z" "-v" "/mnt/big/crater/work/local/cargo-home:/cargo-home:ro,Z" "-v" "/mnt/big/crater/work/local/rustup-home:/rustup-home:ro,Z" "-e" "USER_ID=1000" "-e" "SOURCE_DIR=/source" "-e" "USER_ID=1000" "-e" "CMD=cargo +8940af3cea4a9a9deabcaf843b2f8cad9a83fc61-alt test --frozen --no-run" "-e" "CARGO_TARGET_DIR=/target" "-e" "CARGO_INCREMENTAL=0" "-e" "RUST_BACKTRACE=full" "-e" "RUSTFLAGS=--cap-lints=warn" "-e" "CARGO_HOME=/cargo-home" "-e" "RUSTUP_HOME=/rustup-home" "-m" "1536M" "--network" "none" "crater"`
Dec 03 00:38:02.456 INFO [stdout] 5b7376251f2ed4ec23bd39e3ea340532abc02f54e15077da70e4cb93a150b918
Dec 03 00:38:02.458 INFO running `"docker" "start" "-a" "5b7376251f2ed4ec23bd39e3ea340532abc02f54e15077da70e4cb93a150b918"`
Dec 03 00:38:02.991 INFO [stderr] usermod: no changes
Dec 03 00:38:03.042 INFO [stderr]    Compiling newt-sys v0.1.3 (/source)
Dec 03 00:38:04.112 INFO [stderr] error: linking with `cc` failed: exit code: 1
Dec 03 00:38:04.112 INFO [stderr]   |
Dec 03 00:38:04.112 INFO [stderr]   = note: "cc" "-Wl,--as-needed" "-Wl,-z,noexecstack" "-m64" "-L" "/rustup-home/toolchains/8940af3cea4a9a9deabcaf843b2f8cad9a83fc61-alt/lib/rustlib/x86_64-unknown-linux-gnu/lib" "/target/debug/deps/link_tests-03cb197cba81a118.link_tests.4e2jushz-cgu.0.rcgu.o" "/target/debug/deps/link_tests-03cb197cba81a118.link_tests.4e2jushz-cgu.1.rcgu.o" "/target/debug/deps/link_tests-03cb197cba81a118.link_tests.4e2jushz-cgu.10.rcgu.o" "/target/debug/deps/link_tests-03cb197cba81a118.link_tests.4e2jushz-cgu.11.rcgu.o" "/target/debug/deps/link_tests-03cb197cba81a118.link_tests.4e2jushz-cgu.12.rcgu.o" "/target/debug/deps/link_tests-03cb197cba81a118.link_tests.4e2jushz-cgu.13.rcgu.o" "/target/debug/deps/link_tests-03cb197cba81a118.link_tests.4e2jushz-cgu.14.rcgu.o" "/target/debug/deps/link_tests-03cb197cba81a118.link_tests.4e2jushz-cgu.15.rcgu.o" "/target/debug/deps/link_tests-03cb197cba81a118.link_tests.4e2jushz-cgu.2.rcgu.o" "/target/debug/deps/link_tests-03cb197cba81a118.link_tests.4e2jushz-cgu.3.rcgu.o" "/target/debug/deps/link_tests-03cb197cba81a118.link_tests.4e2jushz-cgu.4.rcgu.o" "/target/debug/deps/link_tests-03cb197cba81a118.link_tests.4e2jushz-cgu.5.rcgu.o" "/target/debug/deps/link_tests-03cb197cba81a118.link_tests.4e2jushz-cgu.6.rcgu.o" "/target/debug/deps/link_tests-03cb197cba81a118.link_tests.4e2jushz-cgu.7.rcgu.o" "/target/debug/deps/link_tests-03cb197cba81a118.link_tests.4e2jushz-cgu.8.rcgu.o" "/target/debug/deps/link_tests-03cb197cba81a118.link_tests.4e2jushz-cgu.9.rcgu.o" "-o" "/target/debug/deps/link_tests-03cb197cba81a118" "/target/debug/deps/link_tests-03cb197cba81a118.3fohe3mty9jr3u42.rcgu.o" "-Wl,--gc-sections" "-pie" "-Wl,-zrelro" "-Wl,-znow" "-nodefaultlibs" "-L" "/target/debug/deps" "-L" "/target/debug/build/newt-sys-33886ae08697ef3f/out/install/popt-1.16/lib" "-L" "/target/debug/build/newt-sys-33886ae08697ef3f/out/install/slang-2.3.2/lib" "-L" "/target/debug/build/newt-sys-33886ae08697ef3f/out/install/newt-0.52.20/lib" "-L" "/rustup-home/toolchains/8940af3cea4a9a9deabcaf843b2f8cad9a83fc61-alt/lib/rustlib/x86_64-unknown-linux-gnu/lib" "-Wl,-Bstatic" "/rustup-home/toolchains/8940af3cea4a9a9deabcaf843b2f8cad9a83fc61-alt/lib/rustlib/x86_64-unknown-linux-gnu/lib/libtest-3aaf2da807b025df.rlib" "/rustup-home/toolchains/8940af3cea4a9a9deabcaf843b2f8cad9a83fc61-alt/lib/rustlib/x86_64-unknown-linux-gnu/lib/libterm-a89d01392bb45da8.rlib" "/rustup-home/toolchains/8940af3cea4a9a9deabcaf843b2f8cad9a83fc61-alt/lib/rustlib/x86_64-unknown-linux-gnu/lib/libgetopts-0a9476f67a8d1ad5.rlib" "/target/debug/deps/libnewt_sys-a44ec2c826490f2c.rlib" "-Wl,--start-group" "/rustup-home/toolchains/8940af3cea4a9a9deabcaf843b2f8cad9a83fc61-alt/lib/rustlib/x86_64-unknown-linux-gnu/lib/libstd-223739ea87b9a0b5.rlib" "/rustup-home/toolchains/8940af3cea4a9a9deabcaf843b2f8cad9a83fc61-alt/lib/rustlib/x86_64-unknown-linux-gnu/lib/libpanic_unwind-6ae4dfa984b116fe.rlib" "/rustup-home/toolchains/8940af3cea4a9a9deabcaf843b2f8cad9a83fc61-alt/lib/rustlib/x86_64-unknown-linux-gnu/lib/liballoc_jemalloc-d0de55d071ae212c.rlib" "/rustup-home/toolchains/8940af3cea4a9a9deabcaf843b2f8cad9a83fc61-alt/lib/rustlib/x86_64-unknown-linux-gnu/lib/libunwind-56e6e4959fbf1e49.rlib" "/rustup-home/toolchains/8940af3cea4a9a9deabcaf843b2f8cad9a83fc61-alt/lib/rustlib/x86_64-unknown-linux-gnu/lib/liballoc_system-74e77b0ac85c5e20.rlib" "/rustup-home/toolchains/8940af3cea4a9a9deabcaf843b2f8cad9a83fc61-alt/lib/rustlib/x86_64-unknown-linux-gnu/lib/liblibc-2e7d77edf47b6d69.rlib" "/rustup-home/toolchains/8940af3cea4a9a9deabcaf843b2f8cad9a83fc61-alt/lib/rustlib/x86_64-unknown-linux-gnu/lib/liballoc-c763cb552c7cefdf.rlib" "/rustup-home/toolchains/8940af3cea4a9a9deabcaf843b2f8cad9a83fc61-alt/lib/rustlib/x86_64-unknown-linux-gnu/lib/libcore-5bafd13887121bda.rlib" "-Wl,--end-group" "/rustup-home/toolchains/8940af3cea4a9a9deabcaf843b2f8cad9a83fc61-alt/lib/rustlib/x86_64-unknown-linux-gnu/lib/libcompiler_builtins-97868d8b5036fe99.rlib" "-Wl,-Bdynamic" "-ldl" "-lm" "-ldl" "-lrt" "-lpthread" "-lpthread" "-lgcc_s" "-lc" "-lm" "-lrt" "-lpthread" "-lutil" "-lutil"
Dec 03 00:38:04.112 INFO [stderr]   = note: /usr/bin/ld: /target/debug/deps/libnewt_sys-a44ec2c826490f2c.rlib(form.o): relocation R_X86_64_32S against `formOps' can not be used when making a shared object; recompile with -fPIC
Dec 03 00:38:04.112 INFO [stderr]           /target/debug/deps/libnewt_sys-a44ec2c826490f2c.rlib: error adding symbols: Bad value
Dec 03 00:38:04.112 INFO [stderr]           collect2: error: ld returned 1 exit status
Dec 03 00:38:04.112 INFO [stderr]           
Dec 03 00:38:04.112 INFO [stderr] 
Dec 03 00:38:04.112 INFO [stderr] error: aborting due to previous error
Dec 03 00:38:04.112 INFO [stderr] 
Dec 03 00:38:04.115 INFO [stderr] error: Could not compile `newt-sys`.
Dec 03 00:38:04.115 INFO [stderr] warning: build failed, waiting for other jobs to finish...
Dec 03 00:38:04.603 INFO [stderr] error: linking with `cc` failed: exit code: 1
Dec 03 00:38:04.603 INFO [stderr]   |
Dec 03 00:38:04.603 INFO [stderr]   = note: "cc" "-Wl,--as-needed" "-Wl,-z,noexecstack" "-m64" "-L" "/rustup-home/toolchains/8940af3cea4a9a9deabcaf843b2f8cad9a83fc61-alt/lib/rustlib/x86_64-unknown-linux-gnu/lib" "/target/debug/deps/newt_sys-61b5b48d7f6d24a8.newt_sys.8rssv8i7-cgu.0.rcgu.o" "/target/debug/deps/newt_sys-61b5b48d7f6d24a8.newt_sys.8rssv8i7-cgu.1.rcgu.o" "/target/debug/deps/newt_sys-61b5b48d7f6d24a8.newt_sys.8rssv8i7-cgu.2.rcgu.o" "/target/debug/deps/newt_sys-61b5b48d7f6d24a8.newt_sys.8rssv8i7-cgu.3.rcgu.o" "/target/debug/deps/newt_sys-61b5b48d7f6d24a8.newt_sys.8rssv8i7-cgu.4.rcgu.o" "/target/debug/deps/newt_sys-61b5b48d7f6d24a8.newt_sys.8rssv8i7-cgu.5.rcgu.o" "/target/debug/deps/newt_sys-61b5b48d7f6d24a8.newt_sys.8rssv8i7-cgu.6.rcgu.o" "/target/debug/deps/newt_sys-61b5b48d7f6d24a8.newt_sys.8rssv8i7-cgu.7.rcgu.o" "/target/debug/deps/newt_sys-61b5b48d7f6d24a8.newt_sys.8rssv8i7-cgu.8.rcgu.o" "-o" "/target/debug/deps/newt_sys-61b5b48d7f6d24a8" "/target/debug/deps/newt_sys-61b5b48d7f6d24a8.1tnriqvri9w87wvy.rcgu.o" "-Wl,--gc-sections" "-pie" "-Wl,-zrelro" "-Wl,-znow" "-nodefaultlibs" "-L" "/target/debug/deps" "-L" "/target/debug/build/newt-sys-33886ae08697ef3f/out/install/popt-1.16/lib" "-L" "/target/debug/build/newt-sys-33886ae08697ef3f/out/install/slang-2.3.2/lib" "-L" "/target/debug/build/newt-sys-33886ae08697ef3f/out/install/newt-0.52.20/lib" "-L" "/rustup-home/toolchains/8940af3cea4a9a9deabcaf843b2f8cad9a83fc61-alt/lib/rustlib/x86_64-unknown-linux-gnu/lib" "-Wl,-Bstatic" "-Wl,--whole-archive" "-lpopt" "-Wl,--no-whole-archive" "-Wl,--whole-archive" "-lslang" "-Wl,--no-whole-archive" "-Wl,-Bdynamic" "-ldl" "-lm" "-Wl,-Bstatic" "-Wl,--whole-archive" "-lnewt" "-Wl,--no-whole-archive" "/rustup-home/toolchains/8940af3cea4a9a9deabcaf843b2f8cad9a83fc61-alt/lib/rustlib/x86_64-unknown-linux-gnu/lib/libtest-3aaf2da807b025df.rlib" "/rustup-home/toolchains/8940af3cea4a9a9deabcaf843b2f8cad9a83fc61-alt/lib/rustlib/x86_64-unknown-linux-gnu/lib/libterm-a89d01392bb45da8.rlib" "/rustup-home/toolchains/8940af3cea4a9a9deabcaf843b2f8cad9a83fc61-alt/lib/rustlib/x86_64-unknown-linux-gnu/lib/libgetopts-0a9476f67a8d1ad5.rlib" "-Wl,--start-group" "/rustup-home/toolchains/8940af3cea4a9a9deabcaf843b2f8cad9a83fc61-alt/lib/rustlib/x86_64-unknown-linux-gnu/lib/libstd-223739ea87b9a0b5.rlib" "/rustup-home/toolchains/8940af3cea4a9a9deabcaf843b2f8cad9a83fc61-alt/lib/rustlib/x86_64-unknown-linux-gnu/lib/libpanic_unwind-6ae4dfa984b116fe.rlib" "/rustup-home/toolchains/8940af3cea4a9a9deabcaf843b2f8cad9a83fc61-alt/lib/rustlib/x86_64-unknown-linux-gnu/lib/liballoc_jemalloc-d0de55d071ae212c.rlib" "/rustup-home/toolchains/8940af3cea4a9a9deabcaf843b2f8cad9a83fc61-alt/lib/rustlib/x86_64-unknown-linux-gnu/lib/libunwind-56e6e4959fbf1e49.rlib" "/rustup-home/toolchains/8940af3cea4a9a9deabcaf843b2f8cad9a83fc61-alt/lib/rustlib/x86_64-unknown-linux-gnu/lib/liballoc_system-74e77b0ac85c5e20.rlib" "/rustup-home/toolchains/8940af3cea4a9a9deabcaf843b2f8cad9a83fc61-alt/lib/rustlib/x86_64-unknown-linux-gnu/lib/liblibc-2e7d77edf47b6d69.rlib" "/rustup-home/toolchains/8940af3cea4a9a9deabcaf843b2f8cad9a83fc61-alt/lib/rustlib/x86_64-unknown-linux-gnu/lib/liballoc-c763cb552c7cefdf.rlib" "/rustup-home/toolchains/8940af3cea4a9a9deabcaf843b2f8cad9a83fc61-alt/lib/rustlib/x86_64-unknown-linux-gnu/lib/libcore-5bafd13887121bda.rlib" "-Wl,--end-group" "/rustup-home/toolchains/8940af3cea4a9a9deabcaf843b2f8cad9a83fc61-alt/lib/rustlib/x86_64-unknown-linux-gnu/lib/libcompiler_builtins-97868d8b5036fe99.rlib" "-Wl,-Bdynamic" "-ldl" "-lrt" "-lpthread" "-lpthread" "-lgcc_s" "-lc" "-lm" "-lrt" "-lpthread" "-lutil" "-lutil"
Dec 03 00:38:04.603 INFO [stderr]   = note: /usr/bin/ld: /target/debug/build/newt-sys-33886ae08697ef3f/out/install/popt-1.16/lib/libpopt.a(popt.o): relocation R_X86_64_32S against `poptHelpOptions' can not be used when making a shared object; recompile with -fPIC
Dec 03 00:38:04.603 INFO [stderr]           /target/debug/build/newt-sys-33886ae08697ef3f/out/install/popt-1.16/lib/libpopt.a(popt.o): error adding symbols: Bad value
Dec 03 00:38:04.603 INFO [stderr]           collect2: error: ld returned 1 exit status
Dec 03 00:38:04.603 INFO [stderr]           
Dec 03 00:38:04.603 INFO [stderr] 
Dec 03 00:38:04.603 INFO [stderr] error: aborting due to previous error
Dec 03 00:38:04.603 INFO [stderr] 
Dec 03 00:38:04.610 INFO [stderr] error: Could not compile `newt-sys`.
Dec 03 00:38:04.610 INFO [stderr] 
Dec 03 00:38:04.610 INFO [stderr] To learn more, run the command again with --verbose.
Dec 03 00:38:04.611 INFO [stderr] su: No module specific data is present
Dec 03 00:38:04.936 INFO running `"docker" "inspect" "5b7376251f2ed4ec23bd39e3ea340532abc02f54e15077da70e4cb93a150b918"`
Dec 03 00:38:05.059 INFO running `"docker" "rm" "-f" "5b7376251f2ed4ec23bd39e3ea340532abc02f54e15077da70e4cb93a150b918"`
Dec 03 00:38:05.369 INFO [stdout] 5b7376251f2ed4ec23bd39e3ea340532abc02f54e15077da70e4cb93a150b918
